{"id":1265,"date":"2025-02-27T15:50:58","date_gmt":"2025-02-27T15:50:58","guid":{"rendered":"https:\/\/fuer-den-sueden.de\/?page_id=1265"},"modified":"2025-02-27T15:50:58","modified_gmt":"2025-02-27T15:50:58","slug":"projekte-2025-in-ecuador","status":"publish","type":"page","link":"https:\/\/fuer-den-sueden.de\/?page_id=1265","title":{"rendered":"Projekte 2025 in Ecuador"},"content":{"rendered":"\n<p>Projekt zur Gesundheitsversorgung in Salitre, Guayas, Ecuador<\/p>\n\n\n\n<p>TITEL:<\/p>\n\n\n\n<p>Unterst\u00fctzung mit ANTIPARASIT\u00c4REN MITTELN und VITAMIN C f\u00fcr Kinder aus benachteiligten Gebieten im Kanton Salitre, Guayas, Ecuador.<\/p>\n\n\n\n<p>BEGR\u00dcNDUNG:<\/p>\n\n\n\n<p>Im Kanton Salitre, wie auch in anderen l\u00e4ndlichen Kantonen, geh\u00f6ren parasit\u00e4re Krankheiten und Erkrankungen der oberen Atemwege zu den h\u00e4ufigsten Gesundheitsproblemen bei Kindern im Vorschul- und Schulalter. Das Fehlen von Trinkwasser, das Fehlen von Abwasserkan\u00e4len, der Verzehr von Fr\u00fcchten direkt vom Baum (oder Boden) ohne sie zu waschen oder zu sch\u00e4len, die Gewohnheit, kein Schuhwerk zu tragen, sowie die gro\u00dfe Anzahl der in den Haushalten lebenden Personen sind einige der Ursachen dieser Epidemien.<\/p>\n\n\n\n<p>ZIELE:<\/p>\n\n\n\n<p>Durch die kostenlose Durchf\u00fchrung unserer DEPARASITIERUNGSKAMPAGNEN unter der Aufsicht eines Gesundheitsprofis (Arzt) und die Bereitstellung von VITAMIN C m\u00f6chten wir diese Epidemien bei den Kindern lindern und gleichzeitig die finanzielle Belastung der landwirtschaftlich gepr\u00e4gten Haushalte mindern, indem wir die Kosten f\u00fcr \u00e4rztliche Konsultationen und diese pharmazeutischen Produkte vermeiden.<\/p>\n\n\n\n<p>GEOGRAPHISCHE LAGE:<\/p>\n\n\n\n<p>Das Gebiet des Kantons Salitre erstreckt sich \u00fcber eine Fl\u00e4che von 388 km\u00b2. Es liegt im zentralen Osten der Provinz Guayas, 42 km von Guayaquil entfernt.<\/p>\n\n\n\n<p>AKTIVIT\u00c4TEN:<\/p>\n\n\n\n<p>Nach vorheriger Koordination mit den Anwohnern der verschiedenen Sektoren oder mit den Lehrern von l\u00e4ndlichen Schulen, wird ein Besuch organisiert. Nach einer informativen und lehrreichen Besprechung \u00fcber Gesundheit und Hygiene, die sowohl Kinder, Eltern als auch Lehrer umfasst, verabreicht der Arzt direkt eine Dosis der kaubaren antiparasit\u00e4ren Tabletten. Nach Abschluss der Entwurmung wird jedem Kind ein Umschlag mit kaubaren Vitamin C-Tabletten \u00fcberreicht, und schlie\u00dflich wird der Besuch mit der \u00dcbergabe einer Antivirus-Karte abgeschlossen, die um den Hals getragen wird und auch als Spielzeug dient.<\/p>\n\n\n\n<p>VERANTWORTLICHER:<\/p>\n\n\n\n<p>Der direkte Verantwortliche ist Dr. Galo Alvear Vitery.<\/p>\n\n\n\n<p>RESSOURCEN:<\/p>\n\n\n\n<p>&#8211; Ein Gesundheitsfachmann, Arzt<\/p>\n\n\n\n<p>&#8211; Ein oder zwei Krankenschwestern<\/p>\n\n\n\n<p>&#8211; Ein Fahrzeug<\/p>\n\n\n\n<p>&#8211; Ausreichende Menge an kaubaren antiparasit\u00e4ren Tabletten, Vitamin C-Tabletten, Antivirus-Karten.<\/p>\n\n\n\n<p>&#8211; Die pharmazeutischen Produkte h\u00e4ngen von den finanziellen Mitteln ab, die von der Stiftung Raschke bereitgestellt werden.<\/p>\n\n\n\n<p>UNTERST\u00dcTZUNG: 1000 Euro<\/p>\n\n\n\n<figure class=\"wp-block-image size-full\"><a href=\"https:\/\/fuer-den-sueden.de\/wp-content\/uploads\/2025\/02\/projekt-galo-2025.jpg\"><img loading=\"lazy\" decoding=\"async\" width=\"1020\" height=\"761\" src=\"https:\/\/fuer-den-sueden.de\/wp-content\/uploads\/2025\/02\/projekt-galo-2025.jpg\" alt=\"\" class=\"wp-image-1266\" srcset=\"https:\/\/fuer-den-sueden.de\/wp-content\/uploads\/2025\/02\/projekt-galo-2025.jpg 1020w, https:\/\/fuer-den-sueden.de\/wp-content\/uploads\/2025\/02\/projekt-galo-2025-744x555.jpg 744w, https:\/\/fuer-den-sueden.de\/wp-content\/uploads\/2025\/02\/projekt-galo-2025-420x313.jpg 420w, https:\/\/fuer-den-sueden.de\/wp-content\/uploads\/2025\/02\/projekt-galo-2025-768x573.jpg 768w\" sizes=\"(max-width: 1020px) 100vw, 1020px\" \/><\/a><\/figure>\n","protected":false},"excerpt":{"rendered":"<p>Projekt zur Gesundheitsversorgung in Salitre, Guayas, Ecuador TITEL: Unterst\u00fctzung mit ANTIPARASIT\u00c4REN MITTELN und VITAMIN C f\u00fcr Kinder aus benachteiligten Gebieten im Kanton Salitre, Guayas, Ecuador. BEGR\u00dcNDUNG: Im Kanton Salitre, wie auch in anderen l\u00e4ndlichen Kantonen, geh\u00f6ren parasit\u00e4re Krankheiten und Erkrankungen<\/p>\n","protected":false},"author":1,"featured_media":0,"parent":0,"menu_order":0,"comment_status":"closed","ping_status":"closed","template":"","meta":{"footnotes":""},"_links":{"self":[{"href":"https:\/\/fuer-den-sueden.de\/index.php?rest_route=\/wp\/v2\/pages\/1265"}],"collection":[{"href":"https:\/\/fuer-den-sueden.de\/index.php?rest_route=\/wp\/v2\/pages"}],"about":[{"href":"https:\/\/fuer-den-sueden.de\/index.php?rest_route=\/wp\/v2\/types\/page"}],"author":[{"embeddable":true,"href":"https:\/\/fuer-den-sueden.de\/index.php?rest_route=\/wp\/v2\/users\/1"}],"replies":[{"embeddable":true,"href":"https:\/\/fuer-den-sueden.de\/index.php?rest_route=%2Fwp%2Fv2%2Fcomments&post=1265"}],"version-history":[{"count":1,"href":"https:\/\/fuer-den-sueden.de\/index.php?rest_route=\/wp\/v2\/pages\/1265\/revisions"}],"predecessor-version":[{"id":1267,"href":"https:\/\/fuer-den-sueden.de\/index.php?rest_route=\/wp\/v2\/pages\/1265\/revisions\/1267"}],"wp:attachment":[{"href":"https:\/\/fuer-den-sueden.de\/index.php?rest_route=%2Fwp%2Fv2%2Fmedia&parent=1265"}],"curies":[{"name":"wp","href":"https:\/\/api.w.org\/{rel}","templated":true}]}}