{"id":1285,"date":"2025-10-26T06:57:18","date_gmt":"2025-10-26T06:57:18","guid":{"rendered":"https:\/\/fuer-den-sueden.de\/?page_id=1285"},"modified":"2025-10-26T06:57:19","modified_gmt":"2025-10-26T06:57:19","slug":"projekte-2025-in-kolumbien","status":"publish","type":"page","link":"https:\/\/fuer-den-sueden.de\/?page_id=1285","title":{"rendered":"Projekte 2025 in Kolumbien"},"content":{"rendered":"\n<p><strong>Projektname<\/strong><br>\u00d6kologischer Obstgarten (Huerta agroecol\u00f3gica) f\u00fcr Ern\u00e4hrungssouver\u00e4nit\u00e4t, W\u00fcrde und das Leben der Friedensunterzeichner in Baraya, Huila, Bauernhof El Vaticano<\/p>\n\n\n\n<p><strong>Pr\u00e4sentation<\/strong><br>Der Verein Asoagrec geh\u00f6rt zur F\u00f6deration Uni\u00f3n campesina por la paz,(Bauern-Union f\u00fcr den Frieden) bestehend aus 84 Familien, von denen 58 am Wiedereingliederungsprozess teilnehmen. Es sind Personen, die das Friedensabkommen von 2016 zwischen dem kolumbianischen Staat und den verschiedenen revolution\u00e4ren Streitkr\u00e4ften Kolumbiens, FARC-EP, unterzeichnet haben. Sie profitieren im Auftrag der Regierung von Pr\u00e4sident Gustavo Petro in den letzten Monaten von den Reformen der l\u00e4ndlichen Infrastruktur. Ihnen wurde der Bauernhof El Vaticano zugeteilt, der sich aus 1.300 Hektar Fl\u00e4chen zusammensetzt, von denen etwa 900 optimal f\u00fcr landwirtschaftliche und tierische Produktion geeignet sind.<br>Die Farm befindet sich in der Gemeinde Baraya, Huila, eineinhalb Stunden von der Stadt Neiva entfernt. Dort ist die Implementierung von Kulturen zur Lebensmittelproduktion sowie die Viehzucht von Ziegen und Rindern, Schweine, der Fischzucht, die Honigproduktion sowie der Waldschutz f\u00fcr \u00d6kotourismus angedacht.<br>Trotz der Vorteile der Farm mangelt es an ausreichendem Wasser f\u00fcr die Nahrungsmittelproduktion. Es gibt zwar unterirdische Wasserquellen und einige Wasserquellen rund um die Farm, jedoch ist eine Anpassung eines Bew\u00e4sserungssystems erforderlich, um die dort erforderlichen agroaliment\u00e4ren und gemeinschaftlichen Prozesse zu erm\u00f6glichen.<br>Aus diesem Grund wurde dieses Projekt entwickelt, um die gemeinschaftliche Arbeit und die Produktion von Lebensmitteln durch einen gemeinschaftlichen agroaliment\u00e4ren\/selbstversorgenden Garten (Huerta comunitaria agroalimentaria) zur Souver\u00e4nit\u00e4t der Familien, die sich in diesem Prozess befinden, zu f\u00f6rdern.<\/p>\n\n\n\n<p><strong>Ziel des Projekts<\/strong><br>Allgemeines Ziel:<br>Entwicklung von Strategien zur Ern\u00e4hrungssicherheit auf Basis der gemeinschaftlichen und kooperativen Arbeit der Mitglieder des Bauernhofes El Vaticano beim Aufbau einer \u00f6kologischen Farm in der Gemeinde Ara\u00f1a.<br>Spezifisches Ziel:<br>Implementierung eines alternativen Bew\u00e4sserungssystems, das das Sammeln von Wasser erm\u00f6glicht und dessen Verteilung im agro\u00f6kologischen Garten der Farm El Vaticano sicherstellt.<br>Spezifisches Ziel:<br>F\u00f6rderung gemeinschaftlicher und kooperativer Arbeitsaktivit\u00e4ten rund um die agro\u00f6kologische Farm auf dem Gel\u00e4nde des Bauernhofes El Vaticano mit den Familien der Friedensunterzeichner.<\/p>\n\n\n\n<p><strong>Summe des gef\u00f6rderten Projektes: 3000 Euro<\/strong><\/p>\n\n\n\n<p><strong>Begr\u00fcndung<\/strong><br>Die Ern\u00e4hrungssicherheit geht von der Produktion von Lebensmitteln aus, die nicht nur der Nahrungsmittelversorgung dienen, sondern auch die Entstehung gemeinschaftlicher und kollektiver Praktiken f\u00f6rdern, die F\u00e4higkeiten und Kompetenzen in der Bev\u00f6lkerung und Familien entwickeln, um Formen des guten Lebens und alternativen Entwicklung zu erm\u00f6glichen.<br>Aus diesem Grund wird vorgeschlagen, eine agro\u00f6kologische T\u00fcr in der Farm El Vaticano zu implementieren, in der Lernprozesse rund um die Nahrungsmittelproduktion beginnen und mit dem Anbau einiger Arten experimentiert wird, die kurzfristig Rentabilit\u00e4t f\u00fcr die Familien erm\u00f6glichen, indem Gem\u00fcse f\u00fcr den eigenen Verbrauch und den lokalen Umlauf dieser Produkte genutzt werden.<br>Obwohl das Land bereits Teil der umfassenden l\u00e4ndlichen Reform war, die den Friedensunterzeichnern \u00fcbergeben wurde, erfordert dieses Land eine erhebliche Investition zur Anpassung der Bew\u00e4sserung, um die Wasserressourcen f\u00fcr die landwirtschaftlichen Projekte sicherzustellen. Daher wird vorgeschlagen, der Stiftung Raschke die Umsetzung einer Initiative zu \u00fcberlassen, die die gemeinschaftliche und landwirtschaftliche Entwicklung auf kleiner Skala erm\u00f6glicht, einschlie\u00dflich der Wasserbewirtschaftung und der Wasserversorgung vom Wasserk\u00f6rper bis zum Ort des Gartens, der derzeit \u00fcber keine Mechanismen verf\u00fcgt, die das notwendige Risiko f\u00fcr den Anbau der Lebensmittel erm\u00f6glichen.<\/p>\n\n\n\n<figure class=\"wp-block-image size-full\"><a href=\"https:\/\/fuer-den-sueden.de\/wp-content\/uploads\/2025\/10\/Ausschnitt-Registereintrag-ASOAGREC.jpg\"><img loading=\"lazy\" decoding=\"async\" width=\"917\" height=\"495\" src=\"https:\/\/fuer-den-sueden.de\/wp-content\/uploads\/2025\/10\/Ausschnitt-Registereintrag-ASOAGREC.jpg\" alt=\"\" class=\"wp-image-1286\" srcset=\"https:\/\/fuer-den-sueden.de\/wp-content\/uploads\/2025\/10\/Ausschnitt-Registereintrag-ASOAGREC.jpg 917w, https:\/\/fuer-den-sueden.de\/wp-content\/uploads\/2025\/10\/Ausschnitt-Registereintrag-ASOAGREC-744x402.jpg 744w, https:\/\/fuer-den-sueden.de\/wp-content\/uploads\/2025\/10\/Ausschnitt-Registereintrag-ASOAGREC-420x227.jpg 420w, https:\/\/fuer-den-sueden.de\/wp-content\/uploads\/2025\/10\/Ausschnitt-Registereintrag-ASOAGREC-768x415.jpg 768w\" sizes=\"(max-width: 917px) 100vw, 917px\" \/><\/a><\/figure>\n","protected":false},"excerpt":{"rendered":"<p>Projektname\u00d6kologischer Obstgarten (Huerta agroecol\u00f3gica) f\u00fcr Ern\u00e4hrungssouver\u00e4nit\u00e4t, W\u00fcrde und das Leben der Friedensunterzeichner in Baraya, Huila, Bauernhof El Vaticano Pr\u00e4sentationDer Verein Asoagrec geh\u00f6rt zur F\u00f6deration Uni\u00f3n campesina por la paz,(Bauern-Union f\u00fcr den Frieden) bestehend aus 84 Familien, von denen 58 am<\/p>\n","protected":false},"author":1,"featured_media":0,"parent":0,"menu_order":0,"comment_status":"closed","ping_status":"closed","template":"","meta":{"footnotes":""},"_links":{"self":[{"href":"https:\/\/fuer-den-sueden.de\/index.php?rest_route=\/wp\/v2\/pages\/1285"}],"collection":[{"href":"https:\/\/fuer-den-sueden.de\/index.php?rest_route=\/wp\/v2\/pages"}],"about":[{"href":"https:\/\/fuer-den-sueden.de\/index.php?rest_route=\/wp\/v2\/types\/page"}],"author":[{"embeddable":true,"href":"https:\/\/fuer-den-sueden.de\/index.php?rest_route=\/wp\/v2\/users\/1"}],"replies":[{"embeddable":true,"href":"https:\/\/fuer-den-sueden.de\/index.php?rest_route=%2Fwp%2Fv2%2Fcomments&post=1285"}],"version-history":[{"count":1,"href":"https:\/\/fuer-den-sueden.de\/index.php?rest_route=\/wp\/v2\/pages\/1285\/revisions"}],"predecessor-version":[{"id":1287,"href":"https:\/\/fuer-den-sueden.de\/index.php?rest_route=\/wp\/v2\/pages\/1285\/revisions\/1287"}],"wp:attachment":[{"href":"https:\/\/fuer-den-sueden.de\/index.php?rest_route=%2Fwp%2Fv2%2Fmedia&parent=1285"}],"curies":[{"name":"wp","href":"https:\/\/api.w.org\/{rel}","templated":true}]}}