{"id":1288,"date":"2025-10-26T06:59:07","date_gmt":"2025-10-26T06:59:07","guid":{"rendered":"https:\/\/fuer-den-sueden.de\/?page_id=1288"},"modified":"2025-10-26T06:59:08","modified_gmt":"2025-10-26T06:59:08","slug":"proyectos-2025-en-colombia","status":"publish","type":"page","link":"https:\/\/fuer-den-sueden.de\/?page_id=1288","title":{"rendered":"Proyectos 2025 en Colombia"},"content":{"rendered":"\n<p><strong>Nombre del proyecto<\/strong><br>Huerta agroecol\u00f3gica para la soberan\u00eda alimentaria la dignidad y la vida de los firmantes de paz en Baraya Huila, Finca El Vaticano<\/p>\n\n\n\n<p><strong>Presentaci\u00f3n<\/strong><br>La asociaci\u00f3n Asoagrec hace parte de la federaci\u00f3n Uni\u00f3n campesina por la paz conformada por 84 familias de las cuales 58 hacen parte del proceso de reincorporaci\u00f3n personas que firmaron el acuerdo de paz del a\u00f1o 2016 entre el estado colombiano y las distintas fuerzas armadas revolucionarias de Colombia FARC-EP, ellos meses atr\u00e1s fueron beneficiarios de la reforma rural integral del gobierno del presidente Gustavo Petro y les fue asignada la finca El Vaticano que se conforma de 1300 hect\u00e1reas de las cuales cerca de 900 son \u00f3ptimas para producci\u00f3n agro n\u00f3mica y pecuaria.<br>La finca est\u00e1 localizada en el municipio de Baraya huila a una distancia de una hora y media de la ciudad de neiva en este lugar se proyecta la implementaci\u00f3n de cultivos para la producci\u00f3n de alimentos y ganader\u00eda caprina y bovina tambi\u00e9n cerdos peces cultivo de abejas para miel y la protecci\u00f3n forestal del bosque para el agroturismo.<br>A pesar de las bondades de la finca la misma carece de suficiente agua para la producci\u00f3n de alimentos existen fuentes de agua subterr\u00e1neas y tambi\u00e9n algunas fuentes h\u00eddricas alrededor de la finca, pero requieren la adecuaci\u00f3n de un sistema de riego para poder generar los procesos agroalimentarios y comunitarios que all\u00ed se requieren.<br>Es por ese motivo que se desarroll\u00f3 este proyecto para empezar a estimular el trabajo comunitario y la producci\u00f3n de alimentos a partir de una huerta comunitaria agroalimentaria para la soberan\u00eda de las familias que se encuentran en este proceso.<\/p>\n\n\n\n<p><strong>Objetivo del proyecto<\/strong><br>Objetivo general:<br>desarrollar estrategias de seguridad alimentaria a partir del trabajo comunitario y colaborativo de los integrantes de la finca El Vaticano en la construcci\u00f3n de una granja ecol\u00f3gica en el municipio de ara\u00f1a<br>Objetivo espec\u00edfico:<br>implementar un sistema alternativo de riego que permita la captaci\u00f3n de agua y distribuci\u00f3n de la misma en la huerta agroecol\u00f3gica del Vaticano.<br>Objetivo espec\u00edfico:<br>impulsar actividades de trabajo comunitario y colaborativo alrededor de la granja agroecol\u00f3gica en la finca El Vaticano con las familias de los firmantes de paz.<\/p>\n\n\n\n<p><strong>Suma total del proyecto financiado: 3000 Euro<\/strong><\/p>\n\n\n\n<p><strong>Justificaci\u00f3n<\/strong><br>La seguridad alimentaria parte de la producci\u00f3n de alimentos que permitan no solo la producci\u00f3n de comida sino tambi\u00e9n la generaci\u00f3n de pr\u00e1cticas comunitarias y colectivas que desarrollen habilidades y capacidades en las poblaciones y las familias para generar formas de buen vivir y desarrollo alternativo.<br>Es por este motivo que se propone implementar una puerta agroecol\u00f3gica en la finca El Vaticano donde se empiezan a desarrollar aprendizajes alrededor de la producci\u00f3n de alimentos y se experimente con el cultivo de algunas especies que permitan a corto plazo generar rentabilidad para las familias en materia de aprovechar verduras que sirvan para el consumo propio y la circulaci\u00f3n local de estos productos.<br>Aunque ya se cuenta con la tierra que fue parte de la reforma rural integral entregada a los firmantes de paz estas tierras requieren una importante inversi\u00f3n para la adecuaci\u00f3n de riego que permita contar con el recurso h\u00eddrico para los proyectos agroalimentarios. Es as\u00ed que se propone a la fundaci\u00f3n Raschke la implementaci\u00f3n de una iniciativa que permite el desarrollo comunitario y agroalimentario a partir de un modelo a peque\u00f1a escala para el riego y el abastecimiento del agua desde sus fuentes h\u00eddricas hasta el lugar de la huerta que carece en estos momentos de los mecanismos para poder generar el riesgo adecuado que permita el cultivo de los alimentos.<\/p>\n\n\n\n<figure class=\"wp-block-image size-full\"><a href=\"https:\/\/fuer-den-sueden.de\/wp-content\/uploads\/2025\/10\/Ausschnitt-Registereintrag-ASOAGREC-1.jpg\"><img loading=\"lazy\" decoding=\"async\" width=\"917\" height=\"495\" src=\"https:\/\/fuer-den-sueden.de\/wp-content\/uploads\/2025\/10\/Ausschnitt-Registereintrag-ASOAGREC-1.jpg\" alt=\"\" class=\"wp-image-1289\" srcset=\"https:\/\/fuer-den-sueden.de\/wp-content\/uploads\/2025\/10\/Ausschnitt-Registereintrag-ASOAGREC-1.jpg 917w, https:\/\/fuer-den-sueden.de\/wp-content\/uploads\/2025\/10\/Ausschnitt-Registereintrag-ASOAGREC-1-744x402.jpg 744w, https:\/\/fuer-den-sueden.de\/wp-content\/uploads\/2025\/10\/Ausschnitt-Registereintrag-ASOAGREC-1-420x227.jpg 420w, https:\/\/fuer-den-sueden.de\/wp-content\/uploads\/2025\/10\/Ausschnitt-Registereintrag-ASOAGREC-1-768x415.jpg 768w\" sizes=\"(max-width: 917px) 100vw, 917px\" \/><\/a><\/figure>\n","protected":false},"excerpt":{"rendered":"<p>Nombre del proyectoHuerta agroecol\u00f3gica para la soberan\u00eda alimentaria la dignidad y la vida de los firmantes de paz en Baraya Huila, Finca El Vaticano Presentaci\u00f3nLa asociaci\u00f3n Asoagrec hace parte de la federaci\u00f3n Uni\u00f3n campesina por la paz conformada por 84<\/p>\n","protected":false},"author":1,"featured_media":0,"parent":0,"menu_order":0,"comment_status":"closed","ping_status":"closed","template":"","meta":{"footnotes":""},"_links":{"self":[{"href":"https:\/\/fuer-den-sueden.de\/index.php?rest_route=\/wp\/v2\/pages\/1288"}],"collection":[{"href":"https:\/\/fuer-den-sueden.de\/index.php?rest_route=\/wp\/v2\/pages"}],"about":[{"href":"https:\/\/fuer-den-sueden.de\/index.php?rest_route=\/wp\/v2\/types\/page"}],"author":[{"embeddable":true,"href":"https:\/\/fuer-den-sueden.de\/index.php?rest_route=\/wp\/v2\/users\/1"}],"replies":[{"embeddable":true,"href":"https:\/\/fuer-den-sueden.de\/index.php?rest_route=%2Fwp%2Fv2%2Fcomments&post=1288"}],"version-history":[{"count":1,"href":"https:\/\/fuer-den-sueden.de\/index.php?rest_route=\/wp\/v2\/pages\/1288\/revisions"}],"predecessor-version":[{"id":1290,"href":"https:\/\/fuer-den-sueden.de\/index.php?rest_route=\/wp\/v2\/pages\/1288\/revisions\/1290"}],"wp:attachment":[{"href":"https:\/\/fuer-den-sueden.de\/index.php?rest_route=%2Fwp%2Fv2%2Fmedia&parent=1288"}],"curies":[{"name":"wp","href":"https:\/\/api.w.org\/{rel}","templated":true}]}}