{"id":48,"date":"2015-01-18T10:07:12","date_gmt":"2015-01-18T10:07:12","guid":{"rendered":"http:\/\/fuer-den-sueden.de\/?page_id=48"},"modified":"2015-06-11T18:08:24","modified_gmt":"2015-06-11T18:08:24","slug":"laender-seite-1","status":"publish","type":"page","link":"https:\/\/fuer-den-sueden.de\/?page_id=48","title":{"rendered":"L\u00e4nder"},"content":{"rendered":"<p>F\u00fcr mehr Informationen \u00fcber die L\u00e4nder klicken Sie einfach auf ihr favorisiertes Land.<\/p>\n<ul>\n<li><a href=\"https:\/\/fuer-den-sueden.de\/?page_id=283\">Nicaragua<\/a><\/li>\n<\/ul>\n<ul>\n<li><a href=\"https:\/\/fuer-den-sueden.de\/?page_id=277\">Kolumbien<\/a><\/li>\n<\/ul>\n","protected":false},"excerpt":{"rendered":"<p>F\u00fcr mehr Informationen \u00fcber die L\u00e4nder klicken Sie einfach auf ihr favorisiertes Land. Nicaragua Kolumbien<\/p>\n","protected":false},"author":1,"featured_media":0,"parent":0,"menu_order":0,"comment_status":"closed","ping_status":"open","template":"","meta":{"footnotes":""},"_links":{"self":[{"href":"https:\/\/fuer-den-sueden.de\/index.php?rest_route=\/wp\/v2\/pages\/48"}],"collection":[{"href":"https:\/\/fuer-den-sueden.de\/index.php?rest_route=\/wp\/v2\/pages"}],"about":[{"href":"https:\/\/fuer-den-sueden.de\/index.php?rest_route=\/wp\/v2\/types\/page"}],"author":[{"embeddable":true,"href":"https:\/\/fuer-den-sueden.de\/index.php?rest_route=\/wp\/v2\/users\/1"}],"replies":[{"embeddable":true,"href":"https:\/\/fuer-den-sueden.de\/index.php?rest_route=%2Fwp%2Fv2%2Fcomments&post=48"}],"version-history":[{"count":6,"href":"https:\/\/fuer-den-sueden.de\/index.php?rest_route=\/wp\/v2\/pages\/48\/revisions"}],"predecessor-version":[{"id":320,"href":"https:\/\/fuer-den-sueden.de\/index.php?rest_route=\/wp\/v2\/pages\/48\/revisions\/320"}],"wp:attachment":[{"href":"https:\/\/fuer-den-sueden.de\/index.php?rest_route=%2Fwp%2Fv2%2Fmedia&parent=48"}],"curies":[{"name":"wp","href":"https:\/\/api.w.org\/{rel}","templated":true}]}}