{"id":687,"date":"2018-06-09T13:47:14","date_gmt":"2018-06-09T13:47:14","guid":{"rendered":"http:\/\/fuer-den-sueden.de\/?page_id=687"},"modified":"2018-06-11T08:21:01","modified_gmt":"2018-06-11T08:21:01","slug":"projekte-2018-in-kolumbien","status":"publish","type":"page","link":"https:\/\/fuer-den-sueden.de\/?page_id=687","title":{"rendered":"Projekte 2018 in Kolumbien"},"content":{"rendered":"<p><strong>FRIEDENSPROJEKT<\/strong> &#8211; <em>SOZIO\u00d6KONOMISCHES PROJEKT MIT KREOLISCHEN H\u00dcHNERN F\u00dcR DIE BEV\u00d6LKERUNG DER ETCR AGUA BONITA UND DEN UMLIEGENDEN D\u00d6RFERN IN DER GEMEINDE LA MONTA\u00d1ITA, CAQUETA<\/em><\/p>\n<p><strong>Projektinformationen:<\/strong><\/p>\n<p>Von diesem sozio\u00f6konomischen Projekt f\u00fcr die Menschen des territorialen Gebietes der Ausbildung und Wiedereingliederung (ETCR) Agua Bonita und der umliegenden D\u00f6rfer in der Gemeinde La Monta\u00f1ita in der Provinz Caquet\u00e1 wird erwartet, dass Kapazit\u00e4ten und M\u00f6glichkeiten in der l\u00e4ndlichen Bev\u00f6lkerung erzeugt werden, wobei der Schwerpunkt zun\u00e4chst Familien mit niedrigem Einkommen sind, in dem mit dem Beginn der Aufzucht kleiner Tierarten, hier durch die Aufzucht kreolischer H\u00fchner, die kleinen b\u00e4uerlichen H\u00f6fe und damit auch die wirtschaftliche Eigenst\u00e4ndigkeit gef\u00f6rdert werden soll. Daher hat die Anwendung von einheimischen Hennen f\u00fcr die Zucht von K\u00fcken und Eierproduktion eine Strategie zur Bek\u00e4mpfung der sozio\u00f6konomischen Probleme im Bereich des l\u00e4ndlichen Gebietes, da diese h\u00e4uslich gehaltenen V\u00f6gel eine Schwelle zur Ern\u00e4hrungssicherung und zu einem Einkommen von Familien beitragen, die es durchf\u00fchren. Es kann zudem f\u00fcr den Kauf von Produkten verwendet werden, die nicht auf dem Hof erzeugt werden sowie als Ersparnispolster. Es ist wichtig zu bemerken, dass in den letzten Jahren der Markt f\u00fcr Produkte, die unter dem Weidesystem (Eier und Fleisch) produziert werden, w\u00e4chst, da das meiste nat\u00fcrlich vorkommt. Es wird jedoch anerkannt, dass gute Managementpraktiken erforderlich sind (von der Farm oder dem kleinen Hof bis zum Verbraucher), um gesunde und schadlose Produkte anzubieten.<\/p>\n<p>H\u00fchnerv\u00f6gel haben eine gr\u00f6\u00dfere Widerstandsf\u00e4higkeit als andere gr\u00f6\u00dfere Arten. Sie k\u00f6nnen ihre eigenen Lebensmittel auf dem Hof oder Garten finden und zus\u00e4tzlich zur begleitenden F\u00fctterung von Mais als prim\u00e4ren Bestandteil ihrer Nahrung wird es zu einer Quelle mit hohem Energiewert, da der Gehalt an St\u00e4rke und Fett niedrig ist.<\/p>\n<p>Zu diesem Zweck und als Antwort auf die Notwendigkeit, die Lebensqualit\u00e4t l\u00e4ndlicher Familien zu verbessern, hier in den D\u00f6rfern El Cedro, Cedrito, Agua Bonita, Juntas und Morros, und damit die geringe wirtschaftliche Nachhaltigkeit dieser Bev\u00f6lkerungsgruppe zu vermindern, hat ein kleines Programm die Etablierung von einem Hektar Mais (Zea mays) als Nahrungsquelle f\u00fcr die Zucht von drei\u00dfig (30) kreolischen H\u00fchnern ins Leben gerufen, um Eier und kreolische K\u00fcken zu z\u00fcchten und um damit f\u00fcnfundzwanzig (25) Bauernfamilien zugute zukommen sowie technische Hilfe von landwirtschaftlichen Technikern mit Erfahrung bei der Schaffung und beim Erhalt von landwirtschaftlichen Projekten in der Region zu erhalten.<\/p>\n<p><strong>Summe:<\/strong><\/p>\n<p>2530 Euro<\/p>\n<p><strong>Durchf\u00fchrungszeitraum:<\/strong><\/p>\n<p>Ab Sommer 2018<\/p>\n<p><strong>Kooperationspartner:<\/strong><\/p>\n<p>CERSUR und COOMBUVIPAC<\/p>\n<p>Multiaktive Kooperative f\u00fcr gutes Leben und Frieden in Caquet\u00e1 &#8211; COOMBUVIPAC:<\/p>\n<p>Die Cooperativa Multiactiva por el Buen Vivir y la Paz del Caquet\u00e1 COOMBUVIPAC ist eine Organisation mit der Steuernummer NIT. 901130690-8, die ihren Sitz in der Gemeinde Monta\u00f1ita &#8211; Caquet\u00e1 hat. Sie wurde von einer Gruppe von M\u00e4nnern und Frauen breiter organisatorischer Erfahrung und territorialen Wissens gebildet, die ihre Wiedereingliederung in das zivile Leben und ganz im Zeichen der Friedensf\u00f6rderung in Caquet\u00e1 in Vollzeit gewidmet hat. Ihre Daseinsberechtigung ist die Umsetzung des Friedens und die Verwirklichung der in den Abkommen vereinbarten umfassenden Reform des l\u00e4ndlichen Raums. Ihr Ziel ist die Schaffung von Alternativen zum guten Leben f\u00fcr die Gemeinschaften, die von Krieg, Armut und Ausgrenzung heimgesucht wurden. Derzeit wird ein Demonstrationsmodell der kommunalen Entwicklung in dem territorialen Gebiet der Ausbildung und Wiedereingliederung in Agua Bonita (ETCR) \u2013 Monta\u00f1ita, Caquet\u00e1, entwickelt wo sie landwirtschaftliche und viehwirtschaftliche Projekte, Dienstleistungen und Projekte im Tourismus umzusetzen, unter anderem mit Beitr\u00e4gen von ergriffenen Initiativen von den Partnern. F\u00fcr ihren Betrieb haben sie ihr eine organisatorische Struktur gegeben, die sich aus einem Gesch\u00e4ftsf\u00fchrer zusammensetzt, hier Diego Ferney Tovar Henao, ein Verwaltungsrat und ein Fiskalausschuss.<\/p>\n<p>Sein Zweck ist Teil der Umsetzung der Friedensabkommen zwischen der Regierung und der FARC-EP zu absolvieren, dass die Aktivit\u00e4ten bei der Entwicklung von sozialen und politischen Szenarien, der Agrarwirtschaft und das allgemeine Wohl seiner Partner st\u00e4rkt, sowohl auf dem Land als auch in der Stadt, dies durch die Produktion, Verarbeitung und Vermarktung von landwirtschaftlichen Produkten und die Bereitstellung verschiedener Dienstleistungen, um die Bindungen in den Gemeinden zu st\u00e4rken und ein besseres Leben zu gew\u00e4hrleisten.<\/p>\n<p><strong>Allgemeines Ziel:<\/strong><\/p>\n<p>F\u00f6rderung der wirtschaftlichen Nachhaltigkeit durch die Zucht von kreolischen H\u00fchnern der Bauernfamilien der D\u00f6rfer El Cedro, Cedrito, Agua Bonita, Juntas und Morros in der Gemeinde La Monta\u00f1ita &#8211; Caquet\u00e1.<\/p>\n<p><strong>Spezifische Ziele:<\/strong><\/p>\n<ol>\n<li>Verbesserung der Lebensqualit\u00e4t von Bauernfamilien im Zusammenhang mit dem Projekt.<\/li>\n<li>Die b\u00e4uerliche Wirtschaft der Gemeinden rund um das ETCR Agua Bonita in La Monta\u00f1ita von Caquet\u00e1 zu f\u00f6rdern.<\/li>\n<li>Einf\u00fchrung guter landwirtschaftlicher Praktiken bei der Aufzucht von einheimischen H\u00fchnern von Bauernfamilien, die mit dem Projekt verbunden sind.<\/li>\n<\/ol>\n<p><a href=\"https:\/\/fuer-den-sueden.de\/wp-content\/uploads\/2018\/06\/Projekt.jpg\"><img loading=\"lazy\" decoding=\"async\" class=\"alignnone size-medium wp-image-688\" src=\"https:\/\/fuer-den-sueden.de\/wp-content\/uploads\/2018\/06\/Projekt-744x437.jpg\" alt=\"\" width=\"744\" height=\"437\" srcset=\"https:\/\/fuer-den-sueden.de\/wp-content\/uploads\/2018\/06\/Projekt-744x437.jpg 744w, https:\/\/fuer-den-sueden.de\/wp-content\/uploads\/2018\/06\/Projekt-420x247.jpg 420w, https:\/\/fuer-den-sueden.de\/wp-content\/uploads\/2018\/06\/Projekt-768x451.jpg 768w, https:\/\/fuer-den-sueden.de\/wp-content\/uploads\/2018\/06\/Projekt.jpg 814w\" sizes=\"(max-width: 744px) 100vw, 744px\" \/><\/a><\/p>\n","protected":false},"excerpt":{"rendered":"<p>FRIEDENSPROJEKT &#8211; SOZIO\u00d6KONOMISCHES PROJEKT MIT KREOLISCHEN H\u00dcHNERN F\u00dcR DIE BEV\u00d6LKERUNG DER ETCR AGUA BONITA UND DEN UMLIEGENDEN D\u00d6RFERN IN DER GEMEINDE LA MONTA\u00d1ITA, CAQUETA Projektinformationen: Von diesem sozio\u00f6konomischen Projekt f\u00fcr die Menschen des territorialen Gebietes der Ausbildung und Wiedereingliederung (ETCR)<\/p>\n","protected":false},"author":1,"featured_media":0,"parent":0,"menu_order":0,"comment_status":"closed","ping_status":"closed","template":"","meta":{"footnotes":""},"_links":{"self":[{"href":"https:\/\/fuer-den-sueden.de\/index.php?rest_route=\/wp\/v2\/pages\/687"}],"collection":[{"href":"https:\/\/fuer-den-sueden.de\/index.php?rest_route=\/wp\/v2\/pages"}],"about":[{"href":"https:\/\/fuer-den-sueden.de\/index.php?rest_route=\/wp\/v2\/types\/page"}],"author":[{"embeddable":true,"href":"https:\/\/fuer-den-sueden.de\/index.php?rest_route=\/wp\/v2\/users\/1"}],"replies":[{"embeddable":true,"href":"https:\/\/fuer-den-sueden.de\/index.php?rest_route=%2Fwp%2Fv2%2Fcomments&post=687"}],"version-history":[{"count":4,"href":"https:\/\/fuer-den-sueden.de\/index.php?rest_route=\/wp\/v2\/pages\/687\/revisions"}],"predecessor-version":[{"id":722,"href":"https:\/\/fuer-den-sueden.de\/index.php?rest_route=\/wp\/v2\/pages\/687\/revisions\/722"}],"wp:attachment":[{"href":"https:\/\/fuer-den-sueden.de\/index.php?rest_route=%2Fwp%2Fv2%2Fmedia&parent=687"}],"curies":[{"name":"wp","href":"https:\/\/api.w.org\/{rel}","templated":true}]}}