{"id":700,"date":"2018-06-09T14:14:54","date_gmt":"2018-06-09T14:14:54","guid":{"rendered":"http:\/\/fuer-den-sueden.de\/?page_id=700"},"modified":"2018-06-09T14:14:54","modified_gmt":"2018-06-09T14:14:54","slug":"proyectos-2018-en-colombia","status":"publish","type":"page","link":"https:\/\/fuer-den-sueden.de\/?page_id=700","title":{"rendered":"Proyectos 2018 en Colombia"},"content":{"rendered":"<p><strong>PROYECTO DE PAZ &#8211; PROYECTO DE EMPRENDIMIENTO PRODUCTIVO DE GALLINAS CRIOLLAS PARA LA POBLACION DEL ETCR AGUA BONITA Y VEREDAS ALEDA\u00d1AS, EN EL MUNICIPIO DE LA MONTA\u00d1ITA, CAQUETA<\/strong><\/p>\n<p><strong>Informaci\u00f3n del proyecto:<\/strong><\/p>\n<p>Con este proyecto de emprendimiento productivo para la poblaci\u00f3n del Espacio Territorial de Capacitaci\u00f3n y Reincorporaci\u00f3n (ETCR) Agua Bonita y veredas aleda\u00f1as, en el municipio de La Monta\u00f1ita Caquet\u00e1, se espera generar capacidades y oportunidades en la poblaci\u00f3n rural, enfoc\u00e1ndose inicialmente a familias de bajos ingresos en que se pretende fomentar la implementaci\u00f3n de especies menores con cr\u00eda de gallinas criollas, promoviendo que el campesino crie en su predio para sostener su econom\u00eda. Por lo tanto, la implementaci\u00f3n de gallinas criollas para la cr\u00eda de pollitos y producci\u00f3n de huevos se ha convertido en una estrategia para combatir problema socioecon\u00f3mico en el sector del campo, dado que las aves de patio contribuyen a la seguridad alimentaria e ingresos econ\u00f3micos de las familias que las manejan, del cual se pueden usar para abastecer la compra de productos\u00a0 que no se producen en el predio y como ahorro, es importante resaltar que en los \u00faltimos a\u00f1os, el mercado para los productos producidos bajo el sistema de pastoreo (huevos y carne) ha ido creciendo, ya que la mayor\u00eda se produce de manera natural. No obstante, se reconoce que hacen falta buenas pr\u00e1cticas de manejo (desde la finca o el patio hasta el consumidor) para ofrecer productos sanos e inocuos.<\/p>\n<p>Las aves de patio tienen mayor capacidad de resiliencia que otras especies mayores. Pueden buscar su propio alimento en el patio o huerto casero, adem\u00e1s con el acompa\u00f1amiento del ma\u00edz como materia prima para su alimentaci\u00f3n, se convierte una fuente de alto valor energ\u00e9tico, dado a su contenido en almid\u00f3n y grasa, su bajo nivel de fibra.<\/p>\n<p>Por lo anterior, y atendiendo a la necesidad de mejorar la calidad de vida de las familias campesinas correspondiente a las veredas El Cedro, Cedrito, Agua Bonita, Juntas y Morros y por ende, disminuir la baja sostenibilidad econ\u00f3mica de este tipo de poblaci\u00f3n, se ha puesto en marcha un programa a peque\u00f1a escala sobre el establecimiento de una hect\u00e1rea de ma\u00edz (Zea mays) como fuente de alimento para la cr\u00eda de treinta (30) gallinas criollas, esto con el prop\u00f3sito de la producci\u00f3n de huevos y cr\u00eda de pollitos criollos, de modo que beneficiar\u00edan (25) familias campesinas, as\u00ed mismo recibir\u00e1n asistencia t\u00e9cnica por parte de t\u00e9cnicos agropecuarios con experiencia en el establecimiento y sostenimiento de proyectos agropecuarios en la regi\u00f3n.<\/p>\n<p><strong>Importe de dinero:<\/strong><\/p>\n<p>2530 euros<\/p>\n<p><strong>Per\u00edodo de ejecuci\u00f3n:<\/strong><\/p>\n<p>Desde el verano de 2018<\/p>\n<p><strong>Socio colaborador:<\/strong><\/p>\n<p>CERSUR y COOMBUVIPAC<\/p>\n<p>La Cooperativa Multiactiva por el Buen Vivir y la Paz del Caquet\u00e1 COOMBUVIPAC:<\/p>\n<p>La Cooperativa Multiactiva por el Buen Vivir y la Paz del Caquet\u00e1 COOMBUVIPAC es una organizaci\u00f3n con NIT. 901130690-8 que cuenta con domicilio principal en el Municipio de Monta\u00f1ita \u2013 Caquet\u00e1. Fue constituida por un grupo de hombres y mujeres de amplia trayectoria organizativa y conocimiento territorial que han iniciado su reincorporaci\u00f3n a la vida civil y est\u00e1n dedicados de tiempo completo a la construcci\u00f3n de paz en el Caquet\u00e1. Su raz\u00f3n de ser es la implementaci\u00f3n de la paz y alcanzar la reforma rural integral pactada en los acuerdos; su objetivo es la construcci\u00f3n de alternativas de buen vivir para las comunidades que han padecido los estragos de la guerra, la pobreza y la exclusi\u00f3n. Actualmente desarrollan un modelo demostrativo de desarrollo comunitario en el Espacio Territorial de Capacitaci\u00f3n y Reincorporaci\u00f3n de Agua Bonita \u2013 Monta\u00f1ita, Caquet\u00e1 donde implementan proyectos productivos agr\u00edcolas, pecuarios, servicios, turismo, entre otras iniciativas emprendidas con los aportes de los socios. Para su funcionamiento se han dado una estructura organizativa compuesta de un Gerente en cabeza de Diego Ferney Tovar Henao; un Consejo Administrativo y un Comit\u00e9 Fiscal.<\/p>\n<p>Su Objeto es hacer parte de la implementaci\u00f3n de los acuerdos de paz entre el gobierno y las FARC-EP, esto en el desarrollo de actividades que permitan fortalecer los escenarios sociales y pol\u00edticos, la econom\u00eda agraria y el bienestar general de sus asociados, tanto del campo como en la ciudad, esto a trav\u00e9s de la producci\u00f3n, transformaci\u00f3n y comercializaci\u00f3n de productos agropecuarios y la prestaci\u00f3n de diversos servicios, que permitan fortalecer lazos en las comunidades y garantizar un mejor vivir.<\/p>\n<p><strong>Objetivo general: <\/strong><\/p>\n<p>Promover la sostenibilidad econ\u00f3mica con la cr\u00eda de gallinas criollas de las familias campesinas de las veredas el Cedro, Cedrito, Agua Bonita, Juntas y Morros del municipio de La Monta\u00f1ita-Caquet\u00e1.<\/p>\n<p><strong>Objetivos espec\u00edficos:<\/strong><\/p>\n<ol>\n<li>Mejorar la calidad de vida de las familias campesinas vinculadas al proyecto.<\/li>\n<li>Fomentar la econom\u00eda campesina de las comunidades aleda\u00f1as al ETCR Agua Bonita de la Monta\u00f1ita del Caquet\u00e1.<\/li>\n<li>Implementar buenas pr\u00e1cticas agropecuarias en la cr\u00eda de gallinas criollas de las familias campesinas vinculadas al proyecto.<\/li>\n<\/ol>\n<p><a href=\"https:\/\/fuer-den-sueden.de\/wp-content\/uploads\/2018\/06\/Projekt-3.jpg\"><img loading=\"lazy\" decoding=\"async\" class=\"alignnone size-medium wp-image-701\" src=\"https:\/\/fuer-den-sueden.de\/wp-content\/uploads\/2018\/06\/Projekt-3-744x437.jpg\" alt=\"\" width=\"744\" height=\"437\" srcset=\"https:\/\/fuer-den-sueden.de\/wp-content\/uploads\/2018\/06\/Projekt-3-744x437.jpg 744w, https:\/\/fuer-den-sueden.de\/wp-content\/uploads\/2018\/06\/Projekt-3-420x247.jpg 420w, https:\/\/fuer-den-sueden.de\/wp-content\/uploads\/2018\/06\/Projekt-3-768x451.jpg 768w, https:\/\/fuer-den-sueden.de\/wp-content\/uploads\/2018\/06\/Projekt-3.jpg 814w\" sizes=\"(max-width: 744px) 100vw, 744px\" \/><\/a><\/p>\n","protected":false},"excerpt":{"rendered":"<p>PROYECTO DE PAZ &#8211; PROYECTO DE EMPRENDIMIENTO PRODUCTIVO DE GALLINAS CRIOLLAS PARA LA POBLACION DEL ETCR AGUA BONITA Y VEREDAS ALEDA\u00d1AS, EN EL MUNICIPIO DE LA MONTA\u00d1ITA, CAQUETA Informaci\u00f3n del proyecto: Con este proyecto de emprendimiento productivo para la poblaci\u00f3n<\/p>\n","protected":false},"author":1,"featured_media":0,"parent":0,"menu_order":0,"comment_status":"closed","ping_status":"closed","template":"","meta":{"footnotes":""},"_links":{"self":[{"href":"https:\/\/fuer-den-sueden.de\/index.php?rest_route=\/wp\/v2\/pages\/700"}],"collection":[{"href":"https:\/\/fuer-den-sueden.de\/index.php?rest_route=\/wp\/v2\/pages"}],"about":[{"href":"https:\/\/fuer-den-sueden.de\/index.php?rest_route=\/wp\/v2\/types\/page"}],"author":[{"embeddable":true,"href":"https:\/\/fuer-den-sueden.de\/index.php?rest_route=\/wp\/v2\/users\/1"}],"replies":[{"embeddable":true,"href":"https:\/\/fuer-den-sueden.de\/index.php?rest_route=%2Fwp%2Fv2%2Fcomments&post=700"}],"version-history":[{"count":1,"href":"https:\/\/fuer-den-sueden.de\/index.php?rest_route=\/wp\/v2\/pages\/700\/revisions"}],"predecessor-version":[{"id":702,"href":"https:\/\/fuer-den-sueden.de\/index.php?rest_route=\/wp\/v2\/pages\/700\/revisions\/702"}],"wp:attachment":[{"href":"https:\/\/fuer-den-sueden.de\/index.php?rest_route=%2Fwp%2Fv2%2Fmedia&parent=700"}],"curies":[{"name":"wp","href":"https:\/\/api.w.org\/{rel}","templated":true}]}}