{"id":891,"date":"2019-12-17T10:04:09","date_gmt":"2019-12-17T10:04:09","guid":{"rendered":"http:\/\/fuer-den-sueden.de\/?page_id=891"},"modified":"2019-12-17T10:04:09","modified_gmt":"2019-12-17T10:04:09","slug":"proyectos-2019-en-colombia","status":"publish","type":"page","link":"https:\/\/fuer-den-sueden.de\/?page_id=891","title":{"rendered":"Proyectos 2019 en Colombia"},"content":{"rendered":"<p><strong>Nombre<\/strong><\/p>\n<p>Espacio infantil para las ni\u00f1as y ni\u00f1os de ETCR H\u00e9ctor Ram\u00edrez y la comunidad de Agua Bonita<\/p>\n<p>&nbsp;<\/p>\n<p><strong>Informaciones del proyecto<\/strong><\/p>\n<p>Desde su constituci\u00f3n, el ETCR H\u00e9ctor Ram\u00edrez se ha venido consolidando como una comunidad de paz, pese a las adversidades de la implementaci\u00f3n de los acuerdos entre FARC y el gobierno nacional. La constituci\u00f3n de este espacio ha implicado no solamente la transici\u00f3n hacia un nuevo proyecto pol\u00edtico sin armas, sino tambi\u00e9n el restablecimiento del tejido familiar y social. Una de las consecuencias m\u00e1s devastadoras del conflicto armado es la destrucci\u00f3n de los lazos familiares y la imposibilidad de quienes est\u00e1n involucrados de conformar n\u00facleos familiares seguros. El acuerdo de paz ha permitido que ex-combatientes del actual partido pol\u00edtico FARC recuperen la relaci\u00f3n con sus familiares y conformen nuevas familias, lo que se ha reflejado en el aumento sostenido de infantes en el ETCR a lo largo de los \u00faltimos meses y se proyecta como una poblaci\u00f3n que continuar\u00e1 creciendo. En la actualidad, hay 30 ni\u00f1os entre los 0 y 14 a\u00f1os, siendo la poblaci\u00f3n entre 0 y 9 a\u00f1os la m\u00e1s numerosa. Adicionalmente, hay 5 mujeres gestantes y 7 lactantes.<\/p>\n<p>El aumento de esta poblaci\u00f3n, supone dos retos importantes: primero, la necesidad de adecuar espacios seguros y acordes a las etapas de desarrollo de las ni\u00f1as y los ni\u00f1os. Segundo, la necesidad de establecer un programa pedag\u00f3gico con personal capacitado en el cuidado y formaci\u00f3n de infantes.<\/p>\n<p>Adem\u00e1s de mejorar las condiciones de vida de los infantes que se beneficien directamente de este espacio de cuidado, educativo y recreativo no s\u00f3lo, este espacio contribuye a la organizaci\u00f3n del trabajo familiar en tanto brinda alternativas de cuidado a madres y padres para continuar participando de la consolidaci\u00f3n del ETCR como unidad social y econ\u00f3mica.<\/p>\n<p>&nbsp;<\/p>\n<p><strong>Importe de dinero<\/strong><\/p>\n<p>M\u00e1s o menos 3000 Euros<\/p>\n<p>&nbsp;<\/p>\n<p><strong>Per\u00edodo de ejecuci\u00f3n<\/strong><\/p>\n<p>2019\/20<\/p>\n<p>&nbsp;<\/p>\n<p><strong>Objetivo general<\/strong><\/p>\n<p>Construir un espacio de cuidado, educativo y recreativo para infantes del Espacio Territorial de Capacitaci\u00f3n y Reincorporaci\u00f3n H\u00e9ctor Ram\u00edrez de la vereda Agua Bonita, Municipio La Monta\u00f1ita, Caquet\u00e1<\/p>\n<p>&nbsp;<\/p>\n<p><strong>Objetivos espec\u00edficos<\/strong><\/p>\n<p>Construir la infraestructura del espacio infantil en el ETCR de Agua Bonita, Monta\u00f1ita Caquet\u00e1.<\/p>\n<p>Adecuar el \u00e1rea interna y externa del espacio infantil de acuerdo a los est\u00e1ndares de seguridad y protecci\u00f3n de los NN<\/p>\n<p>Dotar el espacio infantil de materiales pedag\u00f3gicos, l\u00fadicos e implementos para el cuidado de los ni\u00f1os y ni\u00f1as.<\/p>\n<p>Dise\u00f1ar e implementar un programa pedag\u00f3gico para la primera infancia del ETCR de Agua Bonita.<\/p>\n","protected":false},"excerpt":{"rendered":"<p>Nombre Espacio infantil para las ni\u00f1as y ni\u00f1os de ETCR H\u00e9ctor Ram\u00edrez y la comunidad de Agua Bonita &nbsp; Informaciones del proyecto Desde su constituci\u00f3n, el ETCR H\u00e9ctor Ram\u00edrez se ha venido consolidando como una comunidad de paz, pese a<\/p>\n","protected":false},"author":1,"featured_media":0,"parent":0,"menu_order":0,"comment_status":"closed","ping_status":"closed","template":"","meta":{"footnotes":""},"_links":{"self":[{"href":"https:\/\/fuer-den-sueden.de\/index.php?rest_route=\/wp\/v2\/pages\/891"}],"collection":[{"href":"https:\/\/fuer-den-sueden.de\/index.php?rest_route=\/wp\/v2\/pages"}],"about":[{"href":"https:\/\/fuer-den-sueden.de\/index.php?rest_route=\/wp\/v2\/types\/page"}],"author":[{"embeddable":true,"href":"https:\/\/fuer-den-sueden.de\/index.php?rest_route=\/wp\/v2\/users\/1"}],"replies":[{"embeddable":true,"href":"https:\/\/fuer-den-sueden.de\/index.php?rest_route=%2Fwp%2Fv2%2Fcomments&post=891"}],"version-history":[{"count":1,"href":"https:\/\/fuer-den-sueden.de\/index.php?rest_route=\/wp\/v2\/pages\/891\/revisions"}],"predecessor-version":[{"id":892,"href":"https:\/\/fuer-den-sueden.de\/index.php?rest_route=\/wp\/v2\/pages\/891\/revisions\/892"}],"wp:attachment":[{"href":"https:\/\/fuer-den-sueden.de\/index.php?rest_route=%2Fwp%2Fv2%2Fmedia&parent=891"}],"curies":[{"name":"wp","href":"https:\/\/api.w.org\/{rel}","templated":true}]}}