{"id":990,"date":"2020-11-23T12:55:12","date_gmt":"2020-11-23T12:55:12","guid":{"rendered":"http:\/\/fuer-den-sueden.de\/?page_id=990"},"modified":"2020-11-23T12:56:19","modified_gmt":"2020-11-23T12:56:19","slug":"proyectos-2020-en-colombia","status":"publish","type":"page","link":"https:\/\/fuer-den-sueden.de\/?page_id=990","title":{"rendered":"Proyectos 2020 en Colombia"},"content":{"rendered":"<p><strong>Nombre del Proyecto<\/strong><\/p>\n<p>Actividad Deportiva y Recreativa como medios de construir Tejido Social para la Paz Territorial<\/p>\n<p>&nbsp;<\/p>\n<p><strong>Organizcaci\u00f3n<\/strong><\/p>\n<p>Fundaci\u00f3n Social Paz y Esperanza<\/p>\n<p>&nbsp;<\/p>\n<p><strong>Informaci\u00f3n del proyecto<\/strong><\/p>\n<p>El municipio de Algeciras en el departamento del Huila en el sur de Colombia es una regi\u00f3n que ha sido bastante afectada por el conflicto armado. Fue un basti\u00f3n de las FARC que firm\u00f3 la paz con el gobierno colombiano en 2016. A pesar del acuerdo de paz, todav\u00eda hay conflictos all\u00ed y por ejemplo varias masacres este a\u00f1o. Adem\u00e1s de los proyectos para reincorporar a los excombatientes de las FARC a la vida civil, existen otros proyectos de la sociedad civil para pacificar la regi\u00f3n. Esto incluye la \u201cFundaci\u00f3n Social Paz y Esperanza\u201d con su proyecto \u201cActividad Deportiva y Recreativa como medios de construir Tejido Social para la Paz Territorial\u201d. Hay dificultades, especialmente en tiempos de COVID19, con la financiaci\u00f3n del proyecto. Dado que el proyecto es importante para promover actividades l\u00fadicas y deportivas en el tiempo libre y para animar a los ni\u00f1os y j\u00f3venes a utilizar su tiempo libre de forma adecuada, para prevenir situaciones de riesgo como el reclutamiento forzoso o para minimizar el consumo de sustancias, apoyaremos el proyecto.<\/p>\n<p>La pr\u00e1ctica deportiva es vital para el pleno desarrollo de los j\u00f3venes, alimentando su salud f\u00edsica y emocional y desarrollando contactos sociales valiosos. Es decir, el deporte puede trascender barreras que dividen a las sociedades, lo que lo convierte en una poderosa herramienta para apoyar la prevenci\u00f3n de conflictos y los esfuerzos para construir la paz (Deporte para el Desarrollo y la Paz).<\/p>\n<p>&nbsp;<\/p>\n<p><strong>Importe de dinero<\/strong><\/p>\n<p>1700 Euros<\/p>\n<p>&nbsp;<\/p>\n<p><strong>Per\u00edodo de ejecuci\u00f3n<\/strong><\/p>\n<p>Desde finales de 2020 hasta 2021<\/p>\n<p>&nbsp;<\/p>\n<p><strong>Objetivo general<\/strong><\/p>\n<p>Promover y recuperar espacios y escenarios deportivos con actividades l\u00fadicas, recreativas y deportivas en el municipio de Algeciras con miras a fomentar en los ni\u00f1os, ni\u00f1as y j\u00f3venes el buen uso del tiempo libre, como estrategia para prevenir situaciones de riesgo tales como reclutamiento, forzado y\/o consumo de sustancias psicoactivas.<\/p>\n<p>&nbsp;<\/p>\n<p><strong>Objetivos espec\u00edficos<\/strong><\/p>\n<p>Fomentar jornadas l\u00fadicas recreativas, para la utilizaci\u00f3n del tiempo libre tendiente a mejorar el bienestar de las comunidades en cuanto a su desarrollo emocional.<\/p>\n<p>Promover el deporte competitivo como: futbol como las actividades deportivas sean vista como una alternativa de proyecto de vida y\/o promover talentos.<\/p>\n<p>Implementar actividades deportivas, recreativas y para la poblaci\u00f3n infantil, juvenil adulto mayor como parte de su desarrollo integral.<\/p>\n<p><a href=\"https:\/\/fuer-den-sueden.de\/wp-content\/uploads\/2020\/11\/Projekt-Algeciras-2.jpg\"><img loading=\"lazy\" decoding=\"async\" class=\"alignnone size-thumbnail wp-image-981\" src=\"https:\/\/fuer-den-sueden.de\/wp-content\/uploads\/2020\/11\/Projekt-Algeciras-2-420x402.jpg\" alt=\"\" width=\"420\" height=\"402\" srcset=\"https:\/\/fuer-den-sueden.de\/wp-content\/uploads\/2020\/11\/Projekt-Algeciras-2-420x402.jpg 420w, https:\/\/fuer-den-sueden.de\/wp-content\/uploads\/2020\/11\/Projekt-Algeciras-2.jpg 661w\" sizes=\"(max-width: 420px) 100vw, 420px\" \/><\/a><\/p>\n","protected":false},"excerpt":{"rendered":"<p>Nombre del Proyecto Actividad Deportiva y Recreativa como medios de construir Tejido Social para la Paz Territorial &nbsp; Organizcaci\u00f3n Fundaci\u00f3n Social Paz y Esperanza &nbsp; Informaci\u00f3n del proyecto El municipio de Algeciras en el departamento del Huila en el sur<\/p>\n","protected":false},"author":1,"featured_media":0,"parent":37,"menu_order":0,"comment_status":"closed","ping_status":"closed","template":"","meta":{"footnotes":""},"_links":{"self":[{"href":"https:\/\/fuer-den-sueden.de\/index.php?rest_route=\/wp\/v2\/pages\/990"}],"collection":[{"href":"https:\/\/fuer-den-sueden.de\/index.php?rest_route=\/wp\/v2\/pages"}],"about":[{"href":"https:\/\/fuer-den-sueden.de\/index.php?rest_route=\/wp\/v2\/types\/page"}],"author":[{"embeddable":true,"href":"https:\/\/fuer-den-sueden.de\/index.php?rest_route=\/wp\/v2\/users\/1"}],"replies":[{"embeddable":true,"href":"https:\/\/fuer-den-sueden.de\/index.php?rest_route=%2Fwp%2Fv2%2Fcomments&post=990"}],"version-history":[{"count":1,"href":"https:\/\/fuer-den-sueden.de\/index.php?rest_route=\/wp\/v2\/pages\/990\/revisions"}],"predecessor-version":[{"id":991,"href":"https:\/\/fuer-den-sueden.de\/index.php?rest_route=\/wp\/v2\/pages\/990\/revisions\/991"}],"up":[{"embeddable":true,"href":"https:\/\/fuer-den-sueden.de\/index.php?rest_route=\/wp\/v2\/pages\/37"}],"wp:attachment":[{"href":"https:\/\/fuer-den-sueden.de\/index.php?rest_route=%2Fwp%2Fv2%2Fmedia&parent=990"}],"curies":[{"name":"wp","href":"https:\/\/api.w.org\/{rel}","templated":true}]}}